{"id":5,"date":"2019-08-15T09:30:28","date_gmt":"2019-08-15T09:30:28","guid":{"rendered":"https:\/\/lia.life\/?page_id=5"},"modified":"2025-12-12T08:09:14","modified_gmt":"2025-12-12T08:09:14","slug":"lia-leben-im-alter","status":"publish","type":"page","link":"https:\/\/lia.life\/","title":{"rendered":""},"content":{"rendered":"\n<p><br><\/p>\n\n\n\n<p class=\"has-light-gray-color has-text-color has-medium-font-size\"><mark style=\"background-color:rgba(0, 0, 0, 0)\" class=\"has-inline-color has-light-gray-color\">LIA\u00a0\u00a0ist ein Wohnprojekt f\u00fcr Menschen, die den gr\u00f6\u00dften Teil ihres Erwerbslebens bereits absolviert haben und noch einmal etwas Neues machen wollen.<\/mark><\/p>\n\n\n\n<p class=\"has-light-gray-color has-text-color has-medium-font-size\"><mark style=\"background-color:rgba(0, 0, 0, 0)\" class=\"has-inline-color has-light-gray-color\"><strong><mark style=\"background-color:rgba(0, 0, 0, 0)\" class=\"has-inline-color has-white-color\">Aktuell:<\/mark><\/strong><\/mark>  Das Projekt wird fortgef\u00fchrt. Siehe <a href=\"https:\/\/lia.life\/?page_id=32\" data-type=\"page\" data-id=\"32\">hier unter Aktuelles<\/a> &#8211; neu Dezember 25<br><\/p>\n\n\n\n<p class=\"has-small-font-size\">(In den Bereichen Konzept u. Finanzen finden sich z.T. nicht mehr ganz aktuelle Informationen. Wir lassen sie erst einmal auf der Seite, um zu zeigen, was f\u00fcr M\u00f6glichkeiten es gibt.)<\/p>\n\n\n\n<p><mark style=\"background-color:rgba(0, 0, 0, 0)\" class=\"has-inline-color has-light-gray-color\">Wir und viele unserer Bekannten sind nun seit ca. 16 \u2013 20 Jahren hier in Kreta. Und sehr zufrieden, diese Entscheidung getroffen zu haben.<br>Das Projekt LIA hat nun in den letzten beiden Jahren einige angeregt, hierher zu ziehen: zur Miete, ins eigene Haus oder ins zuk\u00fcnftige, neu gebaute Haus. So gibt es jetzt im Kreis Apokoronas eine Gruppe von \u00fcber 30 Deutschen, die sich gegenseitig unterst\u00fctzen, Gemeinsames planen und gemeinsam feiern.<br>So haben wir zum Beispiel wieder unser Christmas Jazz Lunch am 24.12. veranstaltet. Mit geladenen G\u00e4sten, jazzigen Weihnachtsliedern und gutem Essen starteten wir in die Weihnachtsfeiertage.<br>Wer mehr wissen m\u00f6chte, schreibt eine Mail an: info(at)kaliterra.com<br>F\u00fcr Menschen, die kein eigenes Haus brauchen, bieten Neubauten von Apartments die M\u00f6glichkeit, sich in st\u00e4dtischer Umgebung (Chania, Rethymnon) niederzulassen: barrierefreie Wohnungen mit Aufzug, Superm\u00e4rkte, B\u00e4cker, Tavernen und Kultur sind in kurzen Entfernungen erreichbar.<\/mark><\/p>\n\n\n\n<p><strong><mark style=\"background-color:rgba(0, 0, 0, 0)\" class=\"has-inline-color has-light-gray-color\">Kreta ist nicht nur eine Reise wert \u2013 hier kann man\/frau auch klasse und noch immer g\u00fcnstig leben.<\/mark><\/strong><\/p>\n\n\n\n<p><\/p>\n\n\n\n<p>Mario de Andrade hat das sehr treffend formuliert:<\/p>\n\n\n\n<p class=\"has-dark-gray-color has-text-color\">*Meine Seele hat es eilig.*<\/p>\n\n\n\n<p class=\"has-dark-gray-color has-text-color\">Ich habe meine Jahre gez\u00e4hlt und festgestellt, dass ich weniger Zeit habe, zu leben, als ich bisher gelebt habe.<br>Ich f\u00fchle mich wie dieses Kind, das eine Schachtel Bonbons gewonnen hat: die ersten isst es mit Vergn\u00fcgen, aber als es merkt, dass nur noch wenige \u00fcbrig sind, beginnt es,&nbsp; sie wirklich zu genie\u00dfen.<br>Ich habe keine Zeit f\u00fcr endlose Konferenzen,&nbsp; bei denen die Statuten, Regeln, Verfahren und internen Vorschriften besprochen werden, in dem Wissen, dass nichts erreicht wird.<br>Ich habe keine Zeit mehr, absurde Menschen zu ertragen, die ungeachtet ihres&nbsp; Alters nicht erwachsen geworden sind.&nbsp;<br>Ich habe keine Zeit mehr, mit Mittelm\u00e4\u00dfigkeiten zu k\u00e4mpfen.<br>Ich will nicht in Besprechungen sein, in denen aufgeblasene Egos aufmarschieren.<br>Ich vertrage keine Manipulierer und Opportunisten.<br>Mich st\u00f6ren die Neider, die versuchen, F\u00e4higere in Verruf zu bringen, um sich ihrer Positionen, Talente und Erfolge zu bem\u00e4chtigen.<br>Meine Zeit ist zu kurz, um \u00dcberschriften zu diskutieren. Ich will das Wesentliche, denn meine Seele ist in Eile. Ohne viele S\u00fcssigkeiten in der Packung.&nbsp;<br>Ich m\u00f6chte mit Menschen leben, die sehr menschlich sind.&nbsp;<br>Menschen, die \u00fcber ihre Fehler lachen k\u00f6nnen, die sich nichts auf ihre Erfolge einbilden.&nbsp;<br>Die sich nicht vorzeitig berufen f\u00fchlen und die nicht vor ihrer Verantwortung fliehen.&nbsp;<br>Die die menschliche W\u00fcrde verteidigen und die nur an der Seite der Wahrheit und Rechtschaffenheit gehen m\u00f6chten.&nbsp;<\/p>\n\n\n\n<p class=\"has-dark-gray-color has-text-color\">Es ist das, was das Leben lebenswert macht.<br>Ich m\u00f6chte mich mit Menschen umgeben, die es verstehen, die Herzen anderer zu ber\u00fchren.&nbsp;<br>Menschen, die durch die harten Schl\u00e4ge des Lebens lernten, durch sanfte Ber\u00fchrungen der Seele zu wachsen.<br>Ja, ich habe es eilig, ich habe es eilig, mit der Intensit\u00e4t zu leben, die nur die Reife geben kann.<br>Ich versuche, keine der S\u00fc\u00dfigkeiten, die mir noch bleiben, zu verschwenden.&nbsp;<br>Ich bin mir sicher, dass sie k\u00f6stlicher sein werden, als die, die ich bereits gegessen habe.<br>Mein Ziel ist es, das Ende zufrieden zu erreichen, in Frieden mit mir, meinen Lieben und meinem Gewissen.<\/p>\n\n\n\n<p class=\"has-dark-gray-color has-text-color\">Wir haben zwei Leben und das zweite beginnt, wenn du erkennst, dass du nur eins hast.<\/p>\n\n\n\n<p class=\"has-dark-gray-color has-text-color\"><mark style=\"background-color:rgba(0, 0, 0, 0);color:#0a0a0a\" class=\"has-inline-color\">Mario de Andrade (San Paolo 1893-1945) Dichter, Schriftsteller, Essayist und Musikwissenschaftler.<\/mark> <mark style=\"background-color:rgba(0, 0, 0, 0);color:#0a0a0a\" class=\"has-inline-color\">Einer der Gr\u00fcnder der brasilianischen Moderne.<\/mark><\/p>\n\n\n\n<p class=\"has-light-gray-color has-text-color\">Es geht um ein Projekt von Menschen, die gemeinsam einen Lebensraum im Einklang mit Kultur, Klima und Natur gestalten wollen. Auf einem Grundst\u00fcck am Rand einer lebendigen Gemeinde in der Region Chania\/ Kreta sollen daf\u00fcr verschiedene H\u00e4user mit Gemeinschaftseinrichtungen gebaut werden.<\/p>\n\n\n\n<p class=\"has-light-gray-color has-text-color\">Auf dieser Seite findest Du Informationen zum Stand des Projekts, seine inhaltliche Ausrichtung, \u00dcberlegungen zur Finanzierung und wie das Ganze mal aussehen k\u00f6nnte. Herzlich willkommen!<\/p>\n\n\n\n<p class=\"has-light-gray-color has-text-color\">Zur Einstimmung ein besonderes Kreta-Video &#8211; hier k\u00f6nnt Ihr Karl Heinz, Gaby und Westkreta schon mal virtuell kennenlernen:<\/p>\n\n\n\n<figure class=\"wp-block-embed is-type-video is-provider-youtube wp-block-embed-youtube wp-embed-aspect-16-9 wp-has-aspect-ratio\"><div class=\"wp-block-embed__wrapper\">\n<iframe loading=\"lazy\" title=\"Zeropixel Architects - Unique Home Creations | Crete\" width=\"840\" height=\"473\" src=\"https:\/\/www.youtube.com\/embed\/Pyau5Lval1Q?feature=oembed\" frameborder=\"0\" allow=\"accelerometer; autoplay; clipboard-write; encrypted-media; gyroscope; picture-in-picture; web-share\" referrerpolicy=\"strict-origin-when-cross-origin\" allowfullscreen><\/iframe>\n<\/div><\/figure>\n","protected":false},"excerpt":{"rendered":"<p>LIA\u00a0\u00a0ist ein Wohnprojekt f\u00fcr Menschen, die den gr\u00f6\u00dften Teil ihres Erwerbslebens bereits absolviert haben und noch einmal etwas Neues machen wollen. Aktuell: Das Projekt wird fortgef\u00fchrt. Siehe hier unter Aktuelles &#8211; neu Dezember 25 (In den Bereichen Konzept u. Finanzen finden sich z.T. nicht mehr ganz aktuelle Informationen. Wir lassen sie erst einmal auf der &hellip; <a href=\"https:\/\/lia.life\/\" class=\"more-link\"><span class=\"screen-reader-text\">\u201e\u201c <\/span>weiterlesen<\/a><\/p>\n","protected":false},"author":1,"featured_media":0,"parent":0,"menu_order":0,"comment_status":"closed","ping_status":"closed","template":"","meta":{"footnotes":""},"class_list":["post-5","page","type-page","status-publish","hentry"],"_links":{"self":[{"href":"https:\/\/lia.life\/index.php?rest_route=\/wp\/v2\/pages\/5","targetHints":{"allow":["GET"]}}],"collection":[{"href":"https:\/\/lia.life\/index.php?rest_route=\/wp\/v2\/pages"}],"about":[{"href":"https:\/\/lia.life\/index.php?rest_route=\/wp\/v2\/types\/page"}],"author":[{"embeddable":true,"href":"https:\/\/lia.life\/index.php?rest_route=\/wp\/v2\/users\/1"}],"replies":[{"embeddable":true,"href":"https:\/\/lia.life\/index.php?rest_route=%2Fwp%2Fv2%2Fcomments&post=5"}],"version-history":[{"count":50,"href":"https:\/\/lia.life\/index.php?rest_route=\/wp\/v2\/pages\/5\/revisions"}],"predecessor-version":[{"id":520,"href":"https:\/\/lia.life\/index.php?rest_route=\/wp\/v2\/pages\/5\/revisions\/520"}],"wp:attachment":[{"href":"https:\/\/lia.life\/index.php?rest_route=%2Fwp%2Fv2%2Fmedia&parent=5"}],"curies":[{"name":"wp","href":"https:\/\/api.w.org\/{rel}","templated":true}]}}